{"id":2259,"date":"2025-09-04T08:34:20","date_gmt":"2025-09-04T06:34:20","guid":{"rendered":"http:\/\/pepperphoto.de\/wordpress\/?page_id=2259"},"modified":"2025-09-04T11:54:44","modified_gmt":"2025-09-04T09:54:44","slug":"selbsthilfe","status":"publish","type":"page","link":"http:\/\/pepperphoto.de\/wordpress\/?page_id=2259","title":{"rendered":"Du wei\u00dft nicht weiter und ben\u00f6tigst Hilfe?"},"content":{"rendered":"\n<p>In akuten Notf\u00e4llen, z.B. wenn du dr\u00e4ngende und konkrete Suizidgedanken\u00a0sp\u00fcrst, z\u00f6gere oder sch\u00e4me dich nicht, <strong>wende Dich bitte schnellstm\u00f6glich an die n\u00e4chste psychiatrische Klinik oder w\u00e4hle einfach den Notruf unter der Telefonnummer 112<\/strong>. Da bekommst du sofort die Hilfe die du ben\u00f6tigst.<br><br>Die Telefonseelsorge rund um die Uhr und kostenfrei erreichst Du unter <br>0800-111 0 111 oder <br>0800-111 0 222.<\/p>\n","protected":false},"excerpt":{"rendered":"<p>In akuten Notf\u00e4llen, z.B. wenn du dr\u00e4ngende und konkrete Suizidgedanken\u00a0sp\u00fcrst, z\u00f6gere oder sch\u00e4me dich nicht, wende Dich bitte schnellstm\u00f6glich an die n\u00e4chste psychiatrische Klinik oder w\u00e4hle einfach den Notruf unter der Telefonnummer 112. Da bekommst du sofort die Hilfe die &hellip; <\/p>\n","protected":false},"author":1,"featured_media":0,"parent":0,"menu_order":0,"comment_status":"closed","ping_status":"closed","template":"","meta":[],"_links":{"self":[{"href":"http:\/\/pepperphoto.de\/wordpress\/index.php?rest_route=\/wp\/v2\/pages\/2259"}],"collection":[{"href":"http:\/\/pepperphoto.de\/wordpress\/index.php?rest_route=\/wp\/v2\/pages"}],"about":[{"href":"http:\/\/pepperphoto.de\/wordpress\/index.php?rest_route=\/wp\/v2\/types\/page"}],"author":[{"embeddable":true,"href":"http:\/\/pepperphoto.de\/wordpress\/index.php?rest_route=\/wp\/v2\/users\/1"}],"replies":[{"embeddable":true,"href":"http:\/\/pepperphoto.de\/wordpress\/index.php?rest_route=%2Fwp%2Fv2%2Fcomments&post=2259"}],"version-history":[{"count":7,"href":"http:\/\/pepperphoto.de\/wordpress\/index.php?rest_route=\/wp\/v2\/pages\/2259\/revisions"}],"predecessor-version":[{"id":2303,"href":"http:\/\/pepperphoto.de\/wordpress\/index.php?rest_route=\/wp\/v2\/pages\/2259\/revisions\/2303"}],"wp:attachment":[{"href":"http:\/\/pepperphoto.de\/wordpress\/index.php?rest_route=%2Fwp%2Fv2%2Fmedia&parent=2259"}],"curies":[{"name":"wp","href":"https:\/\/api.w.org\/{rel}","templated":true}]}}